e the highest common factor of 3384 and 61362.
18
What is the greatest common divisor of 138249873 and 522?
261
What is the highest common divisor of 88430 and 1692565?
185
What is the highest common factor of 12798 and 172370574?
1422
Calculate the highest common divisor of 438795 and 1348578.
441
What is the highest common divisor of 996786 and 4188142?
4102
Calculate the greatest common factor of 2852 and 8719308.
124
What is the greatest common divisor of 6545 and 8008?
77
Calculate the highest common factor of 3123133 and 8944.
559
Calculate the highest common factor of 1510953 and 22695.
267
Calculate the greatest common factor of 33834369 and 21165.
4233
What is the greatest common divisor of 19009953 and 63?
9
What is the greatest common divisor of 363904473 and 38?
19
What is the greatest common divisor of 914 and 14812741?
457
What is the greatest common factor of 2196846 and 504?
18
What is the greatest common factor of 4995310 and 1290?
430
What is the greatest common factor of 15668248 and 128?
8
What is the highest common divisor of 5639232 and 16192?
1472
What is the highest common divisor of 25 and 3451345?
5
What is the highest common divisor of 4114 and 2135914?
374
Calculate the highest common factor of 7614 and 1001808.
162
Calculate the greatest common factor of 4476 and 23945108.
1492
Calculate the highest common factor of 5551789 and 87.
29
What is the highest common factor of 69728896 and 9216?
128
What is the greatest common factor of 901288 and 22035?
113
Calculate the greatest common factor of 2831679 and 1247.
43
What is the highest common factor of 123474 and 45528663?
4749
Calculate the greatest common divisor of 11976 and 711156.
12
What is the highest common divisor of 1330830 and 909162?
954
Calculate the highest common divisor of 1051995 and 43645.
1505
Calculate the highest common factor of 159380172 and 128731.
5597
What is the greatest common factor of 24 and 20358400?
8
Calculate the highest common factor of 30567 and 63411.
69
What is the highest common divisor of 1778164 and 311112?
116
What is the greatest common divisor of 15260 and 5906165?
545
Calculate the greatest common factor of 236544 and 120120.
1848
What is the highest common divisor of 3520 and 378290?
110
Calculate the greatest common factor of 5707 and 2077787.
439
What is the highest common divisor of 828 and 1151398377?
207
What is the greatest common divisor of 10 and 4195415?
5
Calculate the greatest common divisor of 623 and 4008067.
7
What is the greatest common divisor of 9390 and 8514852?
1878
What is the highest common divisor of 2872 and 18961303?
359
Calculate the greatest common factor of 7365676 and 9392.
2348
What is the highest common divisor of 20735 and 6587495?
145
Calculate the highest common factor of 92418875 and 125.
125
Calculate the greatest common factor of 868599382 and 196.
98
What is the highest common divisor of 208 and 53553032?
104
What is the highest common divisor of 4438088 and 340?
68
What is the highest common factor of 30584 and 4394?
2
Calculate the greatest common divisor of 979033753 and 1198.
599
Calculate the highest common factor of 44256 and 628512.
96
Calculate the highest common divisor of 166275 and 872759.
739
Calculate the greatest common divisor of 161540 and 711350.
410
Calculate the greatest common factor of 2454086 and 5677.
811
What is the greatest common divisor of 59185920 and 180?
60
Calculate the highest common divisor of 26559236 and 748.
748
Calculate the highest common divisor of 9 and 10685997.
9
Calculate the highest common divisor of 6794 and 185336923.
3397
What is the greatest common divisor of 2063545 and 793815?
935
Calculate the highest common divisor of 112148299 and 3897.
433
What is the highest common divisor of 362 and 373873419?
181
Calculate the highest common factor of 13229408 and 66197.
1249
Calculate the highest common factor of 299878864 and 144.
16
Calculate the highest common divisor of 931767 and 16776.
699
Calculate the greatest common divisor of 79985 and 3536.
17
Calculate the highest common factor of 146532 and 50628.
12
Calculate the highest common divisor of 81560 and 430460.
20
What is the greatest common divisor of 33948 and 691916?
164
What is the highest common factor of 2396279927 and 6038?
3019
Calculate the greatest common divisor of 129 and 4084881.
3
What is the highest common factor of 9892610 and 229320?
6370
Calculate the highest common factor of 6 and 297899814.
6
Calculate the greatest common divisor of 324 and 274881276.
324
Calculate the greatest common divisor of 117 and 16637829.
39
What is the greatest common factor of 10005 and 13049160?
15
Calculate the highest common factor of 1652115 and 101343.
249
What is the highest common divisor of 4853364 and 383690?
1258
What is the greatest common factor of 1184 and 4817474?
74
What is the highest common divisor of 526015 and 4943610?
4655
What is the highest common divisor of 32 and 43748928?
32
What is the greatest common factor of 60087690 and 12240?
1530
What is the greatest common factor of 78431 and 1586945?
733
What is the highest common divisor of 880096 and 9448?
8
What is the highest common divisor of 894117 and 126?
21
Calculate the highest common divisor of 24024 and 10225138.
154
Calculate the greatest common divisor of 7310 and 2074535.
215
What is the highest common factor of 49648 and 981392?
16
Calculate the highest common divisor of 16731 and 320318713.
1859
Calculate the highest common divisor of 211717 and 7619.
19
Calculate the highest common factor of 814430 and 2450372.
7082
What is the greatest common factor of 4900 and 19262?
2
Calculate the greatest common divisor of 21935815 and 440.
55
What is the highest common divisor of 902612139 and 10218?
5109
What is the greatest common factor of 23320 and 243540?
220
Calculate the highest common divisor of 252 and 180513.
9
Calculate the highest common factor of 85250 and 553102.
682
What is the highest common divisor of 860 and 2088089460?
860
Calculate the highest common divisor of 2840 and 357097056.
568
Calculate the greatest common factor of 730 and 58484315.
365
Calculate the greatest common divisor of 6886 and 1070234.
22
What is the greatest common factor of 40813327 and 4?
1
What is the greatest common factor of 7923230 and 658?
14
Calculate the greatest common divisor of 1705958 and 2608.
326
What is the highest common divisor of 119 and 7841477?
7
What is the greatest common divisor of 46 and 9145582?
46
Calculate the greatest common divisor of 184 and 548824.
8
Calculate the greatest common divisor of 37592 and 1594.
2
What is the greatest common divisor of 281 and 98957522?
281
What is the greatest common divisor of 120492 and 3858?
6
What is the greatest common factor of 2406786 and 384?
6
Calculate the highest common divisor of 28680190 and 2380.
1190
What is the greatest common divisor of 5073365 and 22?
11
What is the highest common factor of 349228681 and 37?
37
Calculate the highest common divisor of 242292 and 18205.
331
Calculate the highest common divisor of 69217 and 13129.
19
Calculate the highest common factor of 4775166 and 6.
6
Calculate the highest common divisor of 21 and 219404241.
21
Calculate the highest common factor of 930741 and 30767422.
7567
Calculate the highest common divisor of 20281459 and 34.
17
Calculate the greatest common divisor of 4159804 and 1276.
44
Calculate the greatest common divisor of 508716 and 6084.
468
What is the greatest common factor of 183 and 642774263?
61
Calculate the highest common divisor of 4016 and 667158.
502
Calculate the highest common divisor of 496676 and 11804.
908
Calculate the highest common divisor of 102 and 2281854.
6
Calculate the highest common divisor of 40 and 1839512.
8
What is the greatest common factor of 67338 and 1202667?
129
What is the greatest common factor of 614256 and 20819?
191
What is the greatest common factor of 60 and 149076440?
20
What is the highest common factor of 1360 and 432080?
80
What is the greatest common divisor of 55 and 9431477?
11
Calculate the greatest common divisor of 257668 and 189736.
148
What is the highest common factor of 26 and 18535647?
13
What is the greatest common factor of 26 and 129725973?
1